. Calculate x(b).
3
Let b be 11/(-3) - (-2)/3. Let o(a) = a - 1. Let h(v) = 4*v - 6. Let i(f) = h(f) - 3*o(f). Determine i(b).
-6
Let a be 1/(9/(-6))*-3. Suppose a*m - 4 = 4*m. Let z(g) = -g**2 - g + 1. Calculate z(m).
-1
Let d(z) be the third derivative of -z**6/120 + z**5/10 + z**4/3 - 2*z**2. Calculate d(7).
7
Let w(r) = -r**2 - 7*r - 2. Let q = 15 + -9. Let s = q + -11. What is w(s)?
8
Let y = -14 - -17. Let r(q) be the first derivative of 1/3*q**y + 1 - 3*q + q**2. What is r(-3)?
0
Let n(k) = k**3 + 3*k**2 - 3*k + 3. Suppose 2*m + 4*i = 3 - 21, 6 = -m - i. What is n(m)?
12
Suppose -2*r + 4*r = 12. Let c = r + -3. Let k(p) = 0*p + 0 - p**2 - 2*p - c. What is k(-2)?
-3
Let b(h) = 4*h**3 + 7*h**2 - 3*h - 6. Let l(q) = -5*q**3 - 8*q**2 + 3*q + 7. Let z(c) = -4*b(c) - 3*l(c). What is z(-4)?
-9
Let z(q) = q**3 + q**2 - q - 12. Let r be 6/(-18) - 1/(-3). Determine z(r).
-12
Let j be 1 - (-1)/2*-2. Let v(h) = -4*h**3 - h**2 - 4*h + 6. Let r(w) = w**3 + w. Let n(c) = 3*r(c) + v(c). What is n(j)?
6
Let y(s) = s**2 + s - 4. Suppose 3*d = -0 - 6, 3*i = 4*d - 1. Let h be y(i). Let m(f) = 2 + h*f**2 - 2 - 1 - f. What is m(-1)?
2
Let q be 12/(-10)*10/(-4). Let c(v) = 3*v + 5. Let w(h) = -4*h - 5. Let p(f) = q*c(f) + 2*w(f). What is p(0)?
5
Let i(d) = -1 + 4 + 0 - d + 1. Determine i(2).
2
Let q(p) = -6*p**3 + p + 5*p**3 - p**2 - 1 + 0. Let j(h) = -h**2 - 5*h - 1. Let c be j(-3). Suppose -4*a + 2*z + 17 = -3*z, -4*z = c*a + 30. Calculate q(a).
1
Let k(w) = w**3 + w**2 + w + 1. Let j = 20 + -21. Give k(j).
0
Let x(a) = -a**3 + 7*a**2 - 5*a - 1. Let n = -19 + 35. Suppose -3*v + n = -i, -2*i = 2*v - 2 - 14. Give x(v).
5
Let j(g) = 12*g - 53. Let o be j(4). Let w(h) = 5*h**3 + 9*h**2 - 2*h + 1. Let y(t) = -11*t**3 - 19*t**2 + 5*t - 3. Let v(a) = -9*w(a) - 4*y(a). Give v(o).
13
Let s(z) = -6*z - 3. Let c(k) = 3*k - k + 7 - 1 - 3*k. Let j be c(8). What is s(j)?
9
Let i(m) = 3 - 2 + m + 3. Let v be 12/14*14/(-2). Determine i(v).
-2
Let p(n) = -6*n - 3. Let q(o) = -o + 1. Let k(u) = p(u) + 2*q(u). Let v(m) = -m**3 + 33*m**2 + 34*m + 1. Let b be v(34). Calculate k(b).
-9
Let u(l) = l**2 + 6*l + 3. Let k be u(-6). Suppose 3*z + 13 = -k*f - 2, 15 = -f - 3*z. Suppose 4 = -w - f. Let t(p) = -p**2 - 3*p + 4. Calculate t(w).
0
Let y(f) = f**2 + f + 1. Let u(n) = 3*n**2 + n + 1. Suppose 2 = 2*s - 3*x, -s - 12 = -2*s - 4*x. Suppose 10 - 2 = s*o. Let m(c) = o*u(c) - 5*y(c). Give m(3).
-3
Suppose -4*t = -t + 12. Let n(c) = c**3 + 3*c**2 - 5 + 5*c**2 - c - 4*c**2. What is n(t)?
-1
Let m(t) be the second derivative of 1/2*t**2 + 0 + 1/4*t**4 + 3*t + 1/3*t**3. Give m(-2).
9
Let w(h) = -h**2 + 11*h + 9. Suppose 3*g + j = 6*g - 38, 4*j - 40 = -4*g. Let m be w(g). Let s(t) = -t**3 - 2*t**2 + 2*t - 2. Give s(m).
1
Let n(b) = b**2 + 5*b + 3. Let w = 10 + -7. Suppose -w = -u + 2*u. What is n(u)?
-3
Let a(m) = 4*m + 1. Let v be -1*(-6 - -3 - -1). Suppose w - v = 4*g - 2*w, 5*g = 5*w. Determine a(g).
-7
Let u(f) = f**2 - f + 8. Let q(t) = t**2 + 13*t + 12. Suppose -4 = -3*w + 2*z, w = 3*w - 4*z. Let j = w - 14. Let l be q(j). What is u(l)?
8
Let q(v) = -v**3 - 10*v**2 + 2*v + 10. Let b(x) = 3*x**3 + 21*x**2 - 5*x - 21. Let w(t) = 2*b(t) + 5*q(t). Calculate w(8).
8
Let r(g) = -g**2 + 4*g + 5. Suppose 7*l + 3 - 38 = 0. Determine r(l).
0
Suppose -14 = 4*x - 3*l, -5 = x - 5*l + 7. Let b(s) = 8*s + 2. Determine b(x).
-14
Let o(k) = k + 4. Let x be o(-6). Let s(y) = -7*y + 3. Let p(c) = -13*c + 5. Let b(j) = -4*p(j) + 7*s(j). Determine b(x).
-5
Let q = 22 - 20. Let d(k) = 0*k**2 - q + 6*k - 3*k**2 + 4*k**2 - 4. Give d(-6).
-6
Let w(g) be the second derivative of -3*g**4/4 - g**3/3 - g**2/2 + 3*g. Suppose 4*k - 4*t = -0 - 16, 9 = 3*k + 4*t. What is w(k)?
-8
Let u(r) = 4*r**3 + 3*r**2 + 2*r + 3. Let k = -33 + 31. What is u(k)?
-21
Let n = -21 + 12. Let a(q) = -4*q + 15*q + q**2 + q**2 - 11*q**3. Let o(j) = -5*j**3 + j**2 + 5*j. Let z(f) = n*o(f) + 4*a(f). Give z(-1).
-1
Let y = 26 - 32. Let n(l) = -l**3 - 6*l**2 - l + 5. What is n(y)?
11
Let x(w) be the third derivative of 0 - 1/24*w**4 - 2/3*w**3 - 2*w**2 + 0*w + 1/60*w**5. Give x(3).
2
Suppose -3*s - 18 = 12. Let i be (-4)/(-10) + (-26)/s. Suppose 0 = -4*r + 1 + i. Let a(z) = -7*z**2 + 2*z - 1. Calculate a(r).
-6
Suppose 4*j + 24 = -2*m, -j + 0*j + 4 = -2*m. Let q(i) = -i**3 - i + 2. Let x be q(0). Let f(r) = -r**3 - 6 + 0*r**3 - 6*r**2 - 6*r + r**x. What is f(m)?
2
Let a(t) = 2*t**3 - 21*t**2 - 12*t + 8. Let z be a(11). Let k(f) = -3*f - 3. Give k(z).
6
Let b(d) = -d. Let a(p) be the first derivative of -p**2 + 2*p - 2. Let i be a(4). What is b(i)?
6
Let n(r) = 8*r + 5. Let p(g) = -7*g - 4. Let d(o) = 5*n(o) + 6*p(o). Let c = 10 - 8. Suppose 10 = 2*j, 2*x - c = -2*j - 0. Give d(x).
9
Let c(x) = -2*x**2 - 3*x + 4. Suppose 8*g - 5*g - 3 = 2*p, -5*g - 4*p + 27 = 0. What is c(g)?
-23
Let c be (2/4)/(4/(-32)). Let r(p) = 2*p - p + 5 + 0. Calculate r(c).
1
Suppose 0 = w - 0*w - 9. Let a = -13 + w. Let m(d) = d**3 + 3*d**2 - 4*d - 5. Calculate m(a).
-5
Let a(u) = -3*u + 2. Let h(x) = -x. Let b(g) = a(g) - 2*h(g). Let t(j) = j**2 - 17*j + 12. Let n be t(16). What is b(n)?
6
Let r(o) = -o**3 - o - 1. Let u(d) = 4*d**3 + 4*d**2 + 3*d - 1. Let b(g) = -3*r(g) - u(g). Give b(-3).
-5
Let p = 7 - 1. Let s(c) = c**3 - 6*c**2 - c + 4. Let b be s(p). Let w(j) = -j**2 + j + 1. Determine w(b).
-5
Let t(w) = -w - 21. Let x be t(-17). Let i = -3 - x. Let l(n) = -6*n + 1. What is l(i)?
-5
Let c(z) be the second derivative of -z**6/120 - z**5/20 + z**4/8 + z**3 - 2*z**2 - z. Let m(f) be the first derivative of c(f). What is m(-4)?
10
Let g(x) be the third derivative of x**5/60 - x**4/6 - 2*x**3/3 + 2*x**2. Suppose c = -1 + 4. Suppose c*j = 7*j - 20. Give g(j).
1
Let s(p) = 4*p + 1. Suppose 2*u + 63 = -u. Let q be u/(-27) - (-8)/36. Suppose -w = -2*w + q. Determine s(w).
5
Let t be ((-9)/(-1) + -1)/2. Let y(j) = j**3 - 4*j**2 + j + 2. What is y(t)?
6
Let k(a) = 2*a - 3. Let p = -17 - -11. Determine k(p).
-15
Suppose 0 = 3*s + 4*r + 6 - 22, 4*s - 19 = -3*r. Let v(n) = -n**2 + 6*n - 4. Let w(b) = b**2 - 6*b + 4. Let a(g) = 3*v(g) + 2*w(g). What is a(s)?
4
Let o(u) be the first derivative of -u**3/3 + 11*u**2/2 - u - 34. Determine o(9).
17
Let l be 2/(-4) - 11/(-2). Let k = 6 - l. Let u(y) = -1 + 6*y + 1. Give u(k).
6
Let d(k) = k**2 + 6*k - 1. Let f(u) = -u**2 + 8*u - 5. Let b be f(7). Let p be 3*2*b/4. Let j = p - 8. What is d(j)?
-6
Let t(c) = 8*c**3 - 2*c**2 + 1. Suppose 9 = 4*g + 5. Give t(g).
7
Let w(i) be the second derivative of i**5/20 - i**4/4 - 2*i**3/3 - 3*i**2/2 - i. Let c be (24/(-3))/1*1/(-2). What is w(c)?
-3
Let p(v) be the third derivative of v**4/24 + 5*v**3/6 - 10*v**2. What is p(0)?
5
Let l(m) = 18*m**3 + 2*m - 1. Let y(w) = 10*w - 9. Let o be y(1). Give l(o).
19
Let b(t) = 2*t**2 - 1. Let y be b(-1). Let i(m) = -4*m**2. Calculate i(y).
-4
Let d be (-96)/56*21/6. Let u(k) = -k**2 - 7*k - 2. Determine u(d).
4
Let l(u) = -3*u**3 + 9*u**2 + 7. Let v(a) = a**3 - a**2 - a - 1. Let d(x) = x. Let y(g) = 2*d(g) + v(g). Let b(f) = l(f) + 4*y(f). Give b(-3).
9
Let s(v) = v**2 - v - 4. Let p be s(3). Let z(f) = f**3 - 1 + 2 - f**2 + f + 1 - p*f**3. Give z(-2).
4
Suppose 0*b + 2*b = -3*h + 16, 5*h - 26 = -3*b. Let z(l) = -l**2 - l - 6. Let t(y) = 5*y**2 + 6*y + 30. Let o(u) = b*t(u) + 11*z(u). What is o(0)?
-6
Let u be (-4)/(-3) + (-2)/(-3). Suppose 2*l + u*i = -i + 1, 5*i + 3 = -l. Let y(s) = -s - 2 - 1 - l. What is y(-5)?
0
Let i(r) = r. Let m(a) = -3*a + 1. Let z(y) = 5*i(y) + m(y). Suppose 0 = -3*u - 5*k - 16, 6*k - 2*k + 32 = 4*u. Suppose 2*b = -u*b - 20. Determine z(b).
-7
Let g be 6 - (1 - -1) - -2. Let h be 3/2 + 3/g. Let r(o) = 5*o + 2*o**3 + o**2 - 3*o**3 + 1 - h*o. Determine r(3).
-8
Let b(q) = 2*q. Let v be (50/4)/((-5)/10). Let w be (-5)/v - (-2)/(-10). Let g be 3 - ((1 - -1) + w). Give b(g).
2
Let g(v) be the first derivative of v**5/60 - v**4/4 + v**3 + 3*v**2/2 + 4. Let w(l) be the second derivative of g(l). Give w(5).
1
Suppose 3*y + 7 = 3*i - 5, -3*i - 4*y + 12 = 0. Let o(s) = s**2 - 4*s - 5. Calculate o(i).
-5
Let g(c) be the third derivative of c**4/24 + c**3/2 - 5*c**2. Suppose 2*v + 1 = -5. What is g(v)?
0
Suppose 7*c = 6*c + 5. Let z(s) = -s**2 + 7*s + 0*s**2 - 7 + 0*s**2. Give z(c).
3
Let s(d) = d**2 - 7*d - 4. Let h be s(7). Let